{"id":4658,"date":"2025-04-14T14:35:33","date_gmt":"2025-04-14T12:35:33","guid":{"rendered":"https:\/\/perdidasconstructivas.com\/?post_type=product&#038;p=4658"},"modified":"2025-05-21T08:50:26","modified_gmt":"2025-05-21T06:50:26","slug":"presentacion-test-duelo","status":"publish","type":"product","link":"https:\/\/perdidasconstructivas.com\/?product=presentacion-test-duelo","title":{"rendered":"Test de Duelo"},"content":{"rendered":"<div style=\"width: 750px;\" class=\"wp-video\"><!--[if lt IE 9]><script>document.createElement('video');<\/script><![endif]-->\n<video class=\"wp-video-shortcode\" id=\"video-4658-1\" width=\"750\" height=\"422\" preload=\"metadata\" controls=\"controls\"><source type=\"video\/mp4\" src=\"https:\/\/perdidasconstructivas.com\/wp-content\/uploads\/2020\/08\/Video-duelo.mp4?_=1\" \/><a href=\"https:\/\/perdidasconstructivas.com\/wp-content\/uploads\/2020\/08\/Video-duelo.mp4\">https:\/\/perdidasconstructivas.com\/wp-content\/uploads\/2020\/08\/Video-duelo.mp4<\/a><\/video><\/div>\n<h4>Solicita tu acceso el test de duelo, Tendr\u00e1s un informe completo, con recomendaciones y Gu\u00edas.<\/h4>\n","protected":false},"excerpt":{"rendered":"<p>Test para saber c\u00f3mo te encuentras y qu\u00e9 tareas deber\u00edas realizar para elaborar el duelo.<\/p>\n<p>Tendr\u00e1s el resultado seg\u00fan la fase del duelo en la que te encuentres.<\/p>\n<p>Recibir\u00e1s un informe con las recomendaciones para superar el duelo actual<\/p>\n","protected":false},"featured_media":4135,"comment_status":"open","ping_status":"closed","template":"","meta":{"content-type":""},"product_brand":[],"product_cat":[265],"product_tag":[324,131,323,322],"class_list":{"0":"post-4658","1":"product","2":"type-product","3":"status-publish","4":"has-post-thumbnail","6":"product_cat-duelo","7":"product_tag-perdidas","8":"product_tag-superar-el-duelo","9":"product_tag-test","10":"product_tag-test-duelo","12":"first","13":"instock","14":"sale","15":"downloadable","16":"virtual","17":"purchasable","18":"product-type-simple"},"_links":{"self":[{"href":"https:\/\/perdidasconstructivas.com\/index.php?rest_route=\/wp\/v2\/product\/4658","targetHints":{"allow":["GET"]}}],"collection":[{"href":"https:\/\/perdidasconstructivas.com\/index.php?rest_route=\/wp\/v2\/product"}],"about":[{"href":"https:\/\/perdidasconstructivas.com\/index.php?rest_route=\/wp\/v2\/types\/product"}],"replies":[{"embeddable":true,"href":"https:\/\/perdidasconstructivas.com\/index.php?rest_route=%2Fwp%2Fv2%2Fcomments&post=4658"}],"wp:featuredmedia":[{"embeddable":true,"href":"https:\/\/perdidasconstructivas.com\/index.php?rest_route=\/wp\/v2\/media\/4135"}],"wp:attachment":[{"href":"https:\/\/perdidasconstructivas.com\/index.php?rest_route=%2Fwp%2Fv2%2Fmedia&parent=4658"}],"wp:term":[{"taxonomy":"product_brand","embeddable":true,"href":"https:\/\/perdidasconstructivas.com\/index.php?rest_route=%2Fwp%2Fv2%2Fproduct_brand&post=4658"},{"taxonomy":"product_cat","embeddable":true,"href":"https:\/\/perdidasconstructivas.com\/index.php?rest_route=%2Fwp%2Fv2%2Fproduct_cat&post=4658"},{"taxonomy":"product_tag","embeddable":true,"href":"https:\/\/perdidasconstructivas.com\/index.php?rest_route=%2Fwp%2Fv2%2Fproduct_tag&post=4658"}],"curies":[{"name":"wp","href":"https:\/\/api.w.org\/{rel}","templated":true}]}}