{"id":3850,"date":"2023-07-11T09:10:49","date_gmt":"2023-07-11T07:10:49","guid":{"rendered":"https:\/\/perdidasconstructivas.com\/?post_type=product&#038;p=3850"},"modified":"2025-05-21T09:03:40","modified_gmt":"2025-05-21T07:03:40","slug":"p1-guia-por-ruptura-de-pareja-perdida-amorosa","status":"publish","type":"product","link":"https:\/\/perdidasconstructivas.com\/?product=p1-guia-por-ruptura-de-pareja-perdida-amorosa","title":{"rendered":"Gu\u00eda 1 _ Ruptura de Pareja \u2013 P\u00e9rdida amorosa"},"content":{"rendered":"<h4>Objetivos:<\/h4>\n<h5>Superar de forma suave y contenida el sufrimiento que suponen las rupturas.<\/h5>\n<h5>Identificar los aprendizajes y habilidades adquiridas en la relaci\u00f3n.<\/h5>\n<h5>Encontrar alivio y esperanza.<\/h5>\n","protected":false},"excerpt":{"rendered":"<h5>Gu\u00eda que permite asimilar las p\u00e9rdidas, hechos a veces traum\u00e1ticos que todav\u00eda no logramos asimilar en todas sus dimensiones.<\/h5>\n<h5>Es una gu\u00eda muy \u00fatil, c\u00f3moda y sencilla de realizar. Es muy cuidadosa con las emociones de las personas y su privacidad.<\/h5>\n<h5>Es un ejercicio que calma, reconforta y deja m\u00e1s tranquilo.<\/h5>\n<h5>Permitir\u00e1 que con mayor facilidad construyas una nueva pareja en el futuro pr\u00f3ximo.<\/h5>\n","protected":false},"featured_media":4573,"comment_status":"open","ping_status":"closed","template":"","meta":{"content-type":""},"product_brand":[],"product_cat":[107,263,264],"product_tag":[280,278,276,279,277,275],"class_list":{"0":"post-3850","1":"product","2":"type-product","3":"status-publish","4":"has-post-thumbnail","6":"product_cat-guias-de-reconstruccion","7":"product_cat-perdidas","8":"product_cat-ruptura-de-pareja","9":"product_tag-conflicto-de-pareja","10":"product_tag-desamor","11":"product_tag-divorcio","12":"product_tag-engano","13":"product_tag-ruptura-de-pareja","14":"product_tag-separacion","16":"first","17":"instock","18":"downloadable","19":"virtual","20":"purchasable","21":"product-type-simple"},"_links":{"self":[{"href":"https:\/\/perdidasconstructivas.com\/index.php?rest_route=\/wp\/v2\/product\/3850","targetHints":{"allow":["GET"]}}],"collection":[{"href":"https:\/\/perdidasconstructivas.com\/index.php?rest_route=\/wp\/v2\/product"}],"about":[{"href":"https:\/\/perdidasconstructivas.com\/index.php?rest_route=\/wp\/v2\/types\/product"}],"replies":[{"embeddable":true,"href":"https:\/\/perdidasconstructivas.com\/index.php?rest_route=%2Fwp%2Fv2%2Fcomments&post=3850"}],"wp:featuredmedia":[{"embeddable":true,"href":"https:\/\/perdidasconstructivas.com\/index.php?rest_route=\/wp\/v2\/media\/4573"}],"wp:attachment":[{"href":"https:\/\/perdidasconstructivas.com\/index.php?rest_route=%2Fwp%2Fv2%2Fmedia&parent=3850"}],"wp:term":[{"taxonomy":"product_brand","embeddable":true,"href":"https:\/\/perdidasconstructivas.com\/index.php?rest_route=%2Fwp%2Fv2%2Fproduct_brand&post=3850"},{"taxonomy":"product_cat","embeddable":true,"href":"https:\/\/perdidasconstructivas.com\/index.php?rest_route=%2Fwp%2Fv2%2Fproduct_cat&post=3850"},{"taxonomy":"product_tag","embeddable":true,"href":"https:\/\/perdidasconstructivas.com\/index.php?rest_route=%2Fwp%2Fv2%2Fproduct_tag&post=3850"}],"curies":[{"name":"wp","href":"https:\/\/api.w.org\/{rel}","templated":true}]}}