{"id":376,"date":"2020-02-02T13:35:48","date_gmt":"2020-02-02T16:35:48","guid":{"rendered":"https:\/\/perdidasconstructivas.com\/?post_type=product&#038;p=376"},"modified":"2024-11-27T10:36:36","modified_gmt":"2024-11-27T09:36:36","slug":"ejercicio1-catastrofe-en-la-montana","status":"publish","type":"product","link":"https:\/\/perdidasconstructivas.com\/?product=ejercicio1-catastrofe-en-la-montana","title":{"rendered":"Gu\u00eda 21 _ Cat\u00e1strofe en la monta\u00f1a"},"content":{"rendered":"<h4>Objetivos:<\/h4>\n<h5>Superar de forma suave y contenida el estado de shock que supone un cambio brusco, inesperado y traum\u00e1tico<\/h5>\n<h5>Permite asimilar emocionalmente lo que ha ocurrido.<\/h5>\n<h5>Abre las puertas para encontrar soluciones, formas de encontrarse de nuevo en la tierra y comenzar de nuevo.<\/h5>\n<h5>Ejercicio, individual,\u00a0grupal o Familiar, aplicable en contextos laborales o educativos.<\/h5>\n<hr \/>\n","protected":false},"excerpt":{"rendered":"<h5>Gu\u00eda familiar, grupal o individual que permite asimilar las p\u00e9rdidas, hechos a veces traum\u00e1ticos que todav\u00eda no logramos asimilar en todas sus dimensiones.<\/h5>\n<h5>Es una gu\u00eda muy \u00fatil, c\u00f3moda y sencilla de realizar. Es muy cuidadosa con las emociones de las personas y su privacidad.<\/h5>\n<h5>Es un ejercicio que calma, reconforta y deja m\u00e1s tranquilo.<\/h5>\n","protected":false},"featured_media":4597,"comment_status":"open","ping_status":"closed","template":"","meta":{"content-type":""},"product_brand":[],"product_cat":[121,266],"product_tag":[104,103,105,106,102,101],"class_list":{"0":"post-376","1":"product","2":"type-product","3":"status-publish","4":"has-post-thumbnail","6":"product_cat-asimilar-el-duelo","7":"product_cat-guias-duelo","8":"product_tag-autoayuda","9":"product_tag-dolor","10":"product_tag-duelo","11":"product_tag-ejercicio","12":"product_tag-shock","13":"product_tag-superacion-de-la-muerte","15":"first","16":"instock","17":"downloadable","18":"virtual","19":"purchasable","20":"product-type-simple"},"_links":{"self":[{"href":"https:\/\/perdidasconstructivas.com\/index.php?rest_route=\/wp\/v2\/product\/376","targetHints":{"allow":["GET"]}}],"collection":[{"href":"https:\/\/perdidasconstructivas.com\/index.php?rest_route=\/wp\/v2\/product"}],"about":[{"href":"https:\/\/perdidasconstructivas.com\/index.php?rest_route=\/wp\/v2\/types\/product"}],"replies":[{"embeddable":true,"href":"https:\/\/perdidasconstructivas.com\/index.php?rest_route=%2Fwp%2Fv2%2Fcomments&post=376"}],"wp:featuredmedia":[{"embeddable":true,"href":"https:\/\/perdidasconstructivas.com\/index.php?rest_route=\/wp\/v2\/media\/4597"}],"wp:attachment":[{"href":"https:\/\/perdidasconstructivas.com\/index.php?rest_route=%2Fwp%2Fv2%2Fmedia&parent=376"}],"wp:term":[{"taxonomy":"product_brand","embeddable":true,"href":"https:\/\/perdidasconstructivas.com\/index.php?rest_route=%2Fwp%2Fv2%2Fproduct_brand&post=376"},{"taxonomy":"product_cat","embeddable":true,"href":"https:\/\/perdidasconstructivas.com\/index.php?rest_route=%2Fwp%2Fv2%2Fproduct_cat&post=376"},{"taxonomy":"product_tag","embeddable":true,"href":"https:\/\/perdidasconstructivas.com\/index.php?rest_route=%2Fwp%2Fv2%2Fproduct_tag&post=376"}],"curies":[{"name":"wp","href":"https:\/\/api.w.org\/{rel}","templated":true}]}}