{"id":1170,"date":"2020-09-27T09:26:30","date_gmt":"2020-09-27T12:26:30","guid":{"rendered":"https:\/\/perdidasconstructivas.com\/?post_type=product&#038;p=1170"},"modified":"2025-06-10T09:02:48","modified_gmt":"2025-06-10T07:02:48","slug":"libro","status":"publish","type":"product","link":"https:\/\/perdidasconstructivas.com\/?product=libro","title":{"rendered":"Manual Duelo Constructivo"},"content":{"rendered":"<h3><span style=\"color: #003366;\"><strong>Manual<\/strong> <b>Duelo<\/b><b>\u00a0Constructivo<\/b><\/span><\/h3>\n<p><img fetchpriority=\"high\" decoding=\"async\" class=\"alignright wp-image-229 size-medium\" src=\"https:\/\/perdidasconstructivas.com\/wp-content\/uploads\/2019\/12\/duelo-constructivo-torcido-300x300.jpg\" sizes=\"(max-width: 300px) 100vw, 300px\" srcset=\"https:\/\/perdidasconstructivas.com\/wp-content\/uploads\/2019\/12\/duelo-constructivo-torcido-300x300.jpg 300w, https:\/\/perdidasconstructivas.com\/wp-content\/uploads\/2019\/12\/duelo-constructivo-torcido-100x100.jpg 100w, https:\/\/perdidasconstructivas.com\/wp-content\/uploads\/2019\/12\/duelo-constructivo-torcido-150x150.jpg 150w, https:\/\/perdidasconstructivas.com\/wp-content\/uploads\/2019\/12\/duelo-constructivo-torcido-270x270.jpg 270w, https:\/\/perdidasconstructivas.com\/wp-content\/uploads\/2019\/12\/duelo-constructivo-torcido-230x230.jpg 230w, https:\/\/perdidasconstructivas.com\/wp-content\/uploads\/2019\/12\/duelo-constructivo-torcido.jpg 600w\" alt=\"\" width=\"300\" height=\"300\" \/><\/p>\n<h5>Es el resultado de la\u00a0<strong>investigaci\u00f3n durante m\u00e1s de 10 a\u00f1os<\/strong> de Alejandro Jiliberto Herrera, Psic\u00f3logo, responde algunas de las preguntas fundamentales:<\/h5>\n<h5>Si es tan doloroso y complicado el duelo\u2026<strong>\u00bfC\u00f3mo supera la poblaci\u00f3n el duelo?<\/strong><\/h5>\n<h5><\/h5>\n<h5><strong>El libro ofrece respuestas y ejercicios para cada situaci\u00f3n:<\/strong><\/h5>\n<h5 style=\"padding-left: 40px;\">\u00bfQu\u00e9 tareas realizan las familias para adaptarse a los cambios?<\/h5>\n<h5 style=\"padding-left: 40px;\">\u00bfC\u00f3mo pueden salir con m\u00e1s fortaleza la mayor\u00eda de personas en duelo?<\/h5>\n<h5 style=\"padding-left: 40px;\">\u00bfQu\u00e9 \u00e1reas se pueden desorganizar en la vida de una persona doliente?<\/h5>\n<h5 style=\"padding-left: 40px;\">\u00a0\u00bfHay tareas que permiten\u00a0 organizar los focos del caos?<\/h5>\n<h5><strong>El libro nos permite saber si:<\/strong><\/h5>\n<h5 style=\"padding-left: 40px;\">\u2297 Hemos reaccionado bien ante el fallecimiento<\/h5>\n<h5 style=\"padding-left: 40px;\">\u2297 Podemos superar el fallecimiento de nuestro ser querido<\/h5>\n<h5 style=\"padding-left: 40px;\">\u2297 Podemos rehacer nuestra vida<\/h5>\n<h5 style=\"padding-left: 40px;\">\u2297 Como ayudar a un amigo o familiar en duelo.<\/h5>\n","protected":false},"excerpt":{"rendered":"<p style=\"text-align: justify;\"><strong><span style=\"color: #000000;\">Un libro f\u00e1cil de leer con explicaciones claras y ejercicios sencillos.\u00a0<\/span><\/strong><\/p>\n<p style=\"text-align: justify;\"><span style=\"color: #000000;\">Es un conocimiento que toda persona necesita conocer y que te ayuda a entender el ciclo de la vida.\u00a0<\/span><\/p>\n<p style=\"text-align: justify;\"><span style=\"color: #000000;\">Las personas y familias que pasan un duelo pasan por un proceso natural que les ayuda a superarlo, este manual esta lleno de esas <strong>experiencias que utilizan las personas<\/strong>.\u00a0<\/span><\/p>\n<p style=\"text-align: justify;\"><span style=\"color: #000000;\">Cuando no sabes qu\u00e9 hacer o por d\u00f3nde empezar, <strong>este libro te ayuda a tener un gui\u00f3n para hacer todas las tareas de reconstrucci\u00f3n tras la muerte de un ser querido.\u00a0<\/strong><\/span><\/p>\n<p style=\"text-align: justify;\"><span style=\"color: #000000;\">Aprender, estudiar y cambiar son un trabajo que exige dedicaci\u00f3n, esfuerzo y compromiso, este manual te motiva a realizarlo como lo han hecho muchas personas, logrando tener paz, superar el sufrimiento y recuperar el legado del ser querido.<\/span><\/p>\n<p>Env\u00edo a Espa\u00f1a incluido en el Precio.<\/p>\n","protected":false},"featured_media":229,"comment_status":"open","ping_status":"closed","template":"","meta":{"content-type":""},"product_brand":[],"product_cat":[265,159],"product_tag":[],"class_list":{"0":"post-1170","1":"product","2":"type-product","3":"status-publish","4":"has-post-thumbnail","6":"product_cat-duelo","7":"product_cat-libro","9":"first","10":"instock","11":"shipping-taxable","12":"purchasable","13":"product-type-simple"},"_links":{"self":[{"href":"https:\/\/perdidasconstructivas.com\/index.php?rest_route=\/wp\/v2\/product\/1170","targetHints":{"allow":["GET"]}}],"collection":[{"href":"https:\/\/perdidasconstructivas.com\/index.php?rest_route=\/wp\/v2\/product"}],"about":[{"href":"https:\/\/perdidasconstructivas.com\/index.php?rest_route=\/wp\/v2\/types\/product"}],"replies":[{"embeddable":true,"href":"https:\/\/perdidasconstructivas.com\/index.php?rest_route=%2Fwp%2Fv2%2Fcomments&post=1170"}],"wp:featuredmedia":[{"embeddable":true,"href":"https:\/\/perdidasconstructivas.com\/index.php?rest_route=\/wp\/v2\/media\/229"}],"wp:attachment":[{"href":"https:\/\/perdidasconstructivas.com\/index.php?rest_route=%2Fwp%2Fv2%2Fmedia&parent=1170"}],"wp:term":[{"taxonomy":"product_brand","embeddable":true,"href":"https:\/\/perdidasconstructivas.com\/index.php?rest_route=%2Fwp%2Fv2%2Fproduct_brand&post=1170"},{"taxonomy":"product_cat","embeddable":true,"href":"https:\/\/perdidasconstructivas.com\/index.php?rest_route=%2Fwp%2Fv2%2Fproduct_cat&post=1170"},{"taxonomy":"product_tag","embeddable":true,"href":"https:\/\/perdidasconstructivas.com\/index.php?rest_route=%2Fwp%2Fv2%2Fproduct_tag&post=1170"}],"curies":[{"name":"wp","href":"https:\/\/api.w.org\/{rel}","templated":true}]}}